{"id":69387,"date":"2023-08-31T06:41:06","date_gmt":"2023-08-31T06:41:06","guid":{"rendered":"https:\/\/www.benkadi.org\/portfolio\/fdjm-demokratisches-forum-der-jugend-in-mali-archiv"},"modified":"2025-03-04T08:55:40","modified_gmt":"2025-03-04T08:55:40","slug":"fdjm-forum-democratique-de-la-jeunesse-du-mali-archiv","status":"publish","type":"portfolio","link":"https:\/\/www.benkadi.org\/fr\/portfolio\/fdjm-forum-democratique-de-la-jeunesse-du-mali-archiv","title":{"rendered":"FDJM &#8211; Forum D\u00e9mocratique de la Jeunesse du Mali"},"content":{"rendered":"<div class=\"wpb-content-wrapper\"><p>[vc_row][vc_column][vc_empty_space empty_h=\u00a0\u00bb4&Prime;][vc_column_text uncode_shortcode_id=\u00a0\u00bb194071&Prime;]<img decoding=\"async\" class=\"alignnone size-full wp-image-65966\" src=\"https:\/\/www.benkadi.org\/wp-content\/uploads\/2017\/10\/MaliFDJM22.png\" alt=\"\" width=\"211\" height=\"112\" \/><\/p>\n<h3>L&rsquo;\u00e9ducation est le moteur du changement<\/h3>\n<h2>Investir dans l&rsquo;avenir des gens aujourd&rsquo;hui<\/h2>\n<p>FDJM, le \u00ab Forum D\u00e9mocratique de la Jeunesse du Mali \u00bb, est une organisation \u00e0 but non lucratif. Les projets et les \u00e9v\u00e9nements du FDJM peuvent \u00eatre divis\u00e9s en trois domaines: \u00e9ducation et formation, dialogue politique et justice sociale.<\/p>\n<p>Le FDJM propose des formations pour les jeunes ch\u00f4meurs avec le soutien de ses partenaires. De cette mani\u00e8re, des perspectives \u00e9conomiques sont cr\u00e9\u00e9es, les d\u00e9pendances sont surmont\u00e9es et le foss\u00e9 croissant entre les riches et les pauvres est quelque peu contrecarr\u00e9.<\/p>\n<p>Le FDJM encourage le dialogue d\u00e9mocratique et permet aux jeunes de prendre part au discours politique. Sur la base des contributions des jeunes du Mali, une lettre est r\u00e9dig\u00e9e et remise aux d\u00e9cideurs politiques. Le FDJM donne ainsi une voix \u00e0 la jeunesse.<\/p>\n<p>La FDJM organise des \u00e9v\u00e9nements dans les domaines de l\u2019\u00e9ducation, du sport et de la culture. De cette mani\u00e8re, nous sensibilisons \u00e0 la question de la justice sociale et jetons les bases d\u2019une interaction sociale consciente et responsable.[\/vc_column_text][vc_column_text text_color=\u00a0\u00bbcolor-xsdn\u00a0\u00bb uncode_shortcode_id=\u00a0\u00bb622504&Prime; css=\u00a0\u00bb.vc_custom_1693488038667{padding-top: 40px !important;padding-right: 40px !important;padding-bottom: 40px !important;padding-left: 40px !important;}\u00a0\u00bb el_class=\u00a0\u00bbgreybox\u00a0\u00bb text_color_type=\u00a0\u00bbuncode-palette\u00a0\u00bb]<\/p>\n<p style=\"text-align: center;\"><img decoding=\"async\" class=\"alignnone size-full wp-image-65966\" src=\"https:\/\/www.benkadi.org\/wp-content\/uploads\/2023\/08\/MaliFDJM3.png\" alt=\"\" width=\"211\" height=\"112\" \/><\/p>\n<p style=\"text-align: center;\">En cr\u00e9ant des perspectives, nous combattons la susceptibilit\u00e9 \u00e0 la pens\u00e9e radicale et donc \u00e0 la terreur \u2013 non seulement localement, mais partout dans le monde<\/p>\n<p style=\"text-align: center;\"><img decoding=\"async\" class=\"alignnone size-full wp-image-69350\" style=\"max-width: 40px; height: auto;\" src=\"https:\/\/www.benkadi.org\/wp-content\/uploads\/2023\/08\/fdjm-benkadi-kultur-raum-afrika-berlin-ar3.svg\" alt=\"\" width=\"1200\" height=\"1200\" \/><\/p>\n<p style=\"text-align: center;\">Nous aidons les gens \u00e0 trouver une base permanente pour gagner leur vie, leur permettant ainsi de vivre dignement et pr\u00e9venant les causes de fuite<\/p>\n<p style=\"text-align: center;\"><img decoding=\"async\" class=\"alignnone size-full wp-image-69350\" style=\"max-width: 40px; height: auto;\" src=\"https:\/\/www.benkadi.org\/wp-content\/uploads\/2023\/08\/fdjm-benkadi-kultur-raum-afrika-berlin-ar3.svg\" alt=\"\" width=\"1200\" height=\"1200\" \/><\/p>\n<p style=\"text-align: center;\">En soutenant un engagement actif avec l\u2019environnement, nous cr\u00e9ons une conscience pour un mode de vie et un travail durables<\/p>\n<p style=\"text-align: center;\"><img decoding=\"async\" class=\"alignnone size-full wp-image-69350\" style=\"max-width: 40px; height: auto;\" src=\"https:\/\/www.benkadi.org\/wp-content\/uploads\/2023\/08\/fdjm-benkadi-kultur-raum-afrika-berlin-ar3.svg\" alt=\"\" width=\"1200\" height=\"1200\" \/><\/p>\n<p style=\"text-align: center;\">Nous encourageons les gens \u00e0 participer \u00e0 la soci\u00e9t\u00e9 et cr\u00e9ons des opportunit\u00e9s concr\u00e8tes de participation sociale et politique<\/p>\n<p>[\/vc_column_text][vc_column_text uncode_shortcode_id=\u00a0\u00bb148388&Prime;]<\/p>\n<h2>Formation agricole holistique<\/h2>\n<h3><em>2021-2024<\/em><\/h3>\n<p>Le th\u00e8me de l\u2019autonomisation a toujours jou\u00e9 un r\u00f4le majeur pour le FDJM. En combinaison avec l\u2019aspiration \u00e0 offrir aux jeunes une \u00e9ducation durable et \u00e0 leur donner une compr\u00e9hension des ressources naturelles qui les entourent, le projet actuel se concentre sur l\u2019agriculture.<\/p>\n<p>Ce faisant, les jeunes apprennent des technologies modernes telles que la culture sans sol et \u00e0 faible impact, ainsi que les bases \u00e9conomiques et les exigences techniques d\u2019un travail agricole r\u00e9ussi.<\/p>\n<p><img decoding=\"async\" class=\"alignnone size-full wp-image-69359\" src=\"https:\/\/www.benkadi.org\/wp-content\/uploads\/2023\/08\/fdjm-benkadi-kultur-raum-afrika-berlin-02.jpg\" alt=\"\" width=\"1300\" height=\"484\" \/><\/p>\n<hr \/>\n<p>[\/vc_column_text][vc_column_text uncode_shortcode_id=\u00a0\u00bb993611&Prime;]<\/p>\n<h2>Formation \u00e0 la culture de l\u00e9gumes et de fruits biologiques<\/h2>\n<h3><em>2020-2024<\/em><\/h3>\n<p>Dans la premi\u00e8re classe de formation en 2020, le FDJM formera 22 jeunes \u00e0 la culture hors sol de l\u00e9gumes et de fruits biologiques. L\u2019 agriculture hors sol sur des sols de tourbe et de noix de coco permet non seulement d\u2019\u00e9conomiser l\u2019eau, mais aussi de prot\u00e9ger les sols de la r\u00e9gion et est donc moins saisonni\u00e8re que tout autre type de d\u2019agricultures.<\/p>\n<p>La formation se d\u00e9roule en trois phases : Une formation th\u00e9orique dans les locaux du FDJM, une formation pratique sur des terrains sp\u00e9cialement lou\u00e9s et une formation compl\u00e9mentaire sur la commercialisation et la vente des produits r\u00e9colt\u00e9s. Toutes les phases de formation sont accompagn\u00e9es par des partenaires locaux.<\/p>\n<p><img decoding=\"async\" class=\"alignnone size-full wp-image-69359\" src=\"https:\/\/www.benkadi.org\/wp-content\/uploads\/2023\/08\/fdjm-benkadi-kultur-raum-afrika-berlin-03.jpg\" alt=\"\" width=\"1300\" height=\"484\" \/><\/p>\n<hr \/>\n<p>[\/vc_column_text][vc_column_text uncode_shortcode_id=\u00a0\u00bb167588&Prime;]<\/p>\n<h2>Formation en Production de Jus Bio<\/h2>\n<h3><em>2018<\/em><\/h3>\n<p>Il est tr\u00e8s important de sensibiliser les jeunes \u00e0 l\u2019autosuffisance durable. Dans ce contexte, FDJM et ses partenaires ont pu r\u00e9aliser un cours sur la production de jus biologique allant de la connaissance th\u00e9orique des techniques d\u2019agriculture biologique \u00e0 la production et la distribution de jus.<\/p>\n<p><img decoding=\"async\" class=\"alignnone size-full wp-image-69359\" src=\"https:\/\/www.benkadi.org\/wp-content\/uploads\/2023\/08\/fdjm-benkadi-kultur-raum-afrika-berlin-04.jpg\" alt=\"\" width=\"1300\" height=\"484\" \/><\/p>\n<hr \/>\n<p>[\/vc_column_text][vc_column_text uncode_shortcode_id=\u00a0\u00bb181330&Prime;]<\/p>\n<h2>Production de Savon Naturelle<\/h2>\n<h3><em>2017 &#8211; 2024<\/em><\/h3>\n<p>Depuis la nuit des temps, l\u2019apprentissage de l\u2019artisanat africain fut transmis de g\u00e9n\u00e9ration en g\u00e9n\u00e9ration jusqu\u2019\u00e0 nos jours. Ce qui donne un caract\u00e8re authentique et une \u00e2me traditionnelle aux produits. Le FDJM a r\u00e9alis\u00e9 une formation en production de savon naturelle avec des partenaires locaux.<\/p>\n<p><img decoding=\"async\" class=\"alignnone size-full wp-image-69359\" src=\"https:\/\/www.benkadi.org\/wp-content\/uploads\/2023\/08\/fdjm-benkadi-kultur-raum-afrika-berlin-05.jpg\" alt=\"\" width=\"1300\" height=\"484\" \/><\/p>\n<hr \/>\n<p>[\/vc_column_text][vc_column_text uncode_shortcode_id=\u00a0\u00bb118925&Prime;]<\/p>\n<h2>Formation en Aviculture<\/h2>\n<h3><em>2017<\/em><\/h3>\n<p>L\u2019autosuffisance et l\u2019ind\u00e9pendance des jeunes est un des buts les plus importants du FDJM. Dans ce contexte une formation professionelle de jeunes en aviculture \u00e9cologique a \u00e9t\u00e9 organis\u00e9 par le FDJM, BENKADI e.V. et des partenaires locaux. Le projet est co-financ\u00e9 par les fondations Stiftung Umverteilen et Stiftung Nord-S\u00fcd-Br\u00fccken.<\/p>\n<p><img decoding=\"async\" class=\"alignnone size-full wp-image-69359\" src=\"https:\/\/www.benkadi.org\/wp-content\/uploads\/2023\/08\/fdjm-benkadi-kultur-raum-afrika-berlin-06.jpg\" alt=\"\" width=\"1300\" height=\"484\" \/><\/p>\n<hr \/>\n<p>[\/vc_column_text][vc_column_text uncode_shortcode_id=\u00a0\u00bb164114&Prime;]<\/p>\n<h2>Tournoi de Football F\u00e9minin<\/h2>\n<h3><em>2017<\/em><\/h3>\n<p>Le FDJM d\u00e9fend l\u2019id\u00e9e de l\u2019\u00e9galit\u00e9 entre homme et femme. Pour souligner sont engagement le FDJM a organis\u00e9 un tournoi de football feminin des \u00e9coles de Bamako. Avec le soutient de l\u2019association allemande \u00ab BENKADI e.V. \u00bb et des sponsors loceaux, une exp\u00e9rience unique pour les jeunes filles a pu \u00e9t\u00e9 r\u00e9alis\u00e9e.<\/p>\n<p><img decoding=\"async\" class=\"alignnone size-full wp-image-69359\" src=\"https:\/\/www.benkadi.org\/wp-content\/uploads\/2023\/08\/fdjm-benkadi-kultur-raum-afrika-berlin-07.jpg\" alt=\"\" width=\"1300\" height=\"484\" \/><\/p>\n<hr \/>\n<p>[\/vc_column_text][vc_column_text uncode_shortcode_id=\u00a0\u00bb272788&Prime;]<\/p>\n<h2>Formation en Carrelage<\/h2>\n<h3><em>2016<\/em><\/h3>\n<p>Une formation de jeunes en carrelage a \u00e9t\u00e9 organis\u00e9e par le FDJM et sont partenaire la \u00ab Societ\u00e9 Malienne de Carrelage \u00bb (SoMaCa). Plus de soixante jeunes ont \u00e9t\u00e9 form\u00e9s au cours de cette formation durant deux mois et demis. Plus de 85% des jeunes on pu trouver un employ dans le secteur. La formation a \u00e9t\u00e9 un succ\u00e8s a tout niveaux confirme le directeur de la SoMaCa, Mr. Cheick Oumar Sissoko.<\/p>\n<p><img decoding=\"async\" class=\"alignnone size-full wp-image-69359\" src=\"https:\/\/www.benkadi.org\/wp-content\/uploads\/2023\/08\/fdjm-benkadi-kultur-raum-afrika-berlin-08.jpg\" alt=\"\" width=\"1300\" height=\"484\" \/><\/p>\n<hr \/>\n<p>[\/vc_column_text][vc_column_text uncode_shortcode_id=\u00a0\u00bb143534&Prime; css=\u00a0\u00bb.vc_custom_1693488248493{margin-bottom: -20px !important;}\u00a0\u00bb]<\/p>\n<h3 style=\"text-align: center;\">Nos Partenaires<\/h3>\n<p>[\/vc_column_text][\/vc_column][\/vc_row][vc_row][vc_column width=\u00a0\u00bb1\/4&Prime;][vc_single_image media=\u00a0\u00bb69381&Prime; media_width_percent=\u00a0\u00bb100&Prime; uncode_shortcode_id=\u00a0\u00bb132524&Prime;][\/vc_column][vc_column width=\u00a0\u00bb1\/4&Prime;][vc_single_image media=\u00a0\u00bb69380&Prime; media_width_percent=\u00a0\u00bb100&Prime; uncode_shortcode_id=\u00a0\u00bb110813&Prime;][\/vc_column][vc_column width=\u00a0\u00bb1\/4&Prime;][vc_single_image media=\u00a0\u00bb69379&Prime; media_width_percent=\u00a0\u00bb100&Prime; uncode_shortcode_id=\u00a0\u00bb588489&Prime;][\/vc_column][vc_column width=\u00a0\u00bb1\/4&Prime;][vc_single_image media=\u00a0\u00bb69378&Prime; media_width_percent=\u00a0\u00bb100&Prime; uncode_shortcode_id=\u00a0\u00bb367546&Prime;][\/vc_column][\/vc_row]<\/p>\n<\/div>","protected":false},"excerpt":{"rendered":"<p>Mali &#8211; Jeunesse vers l&#8217;emploi<br \/>\nUn projet pour la formation des jeunes au Mali<\/p>\n","protected":false},"author":8,"featured_media":65965,"parent":0,"menu_order":0,"comment_status":"closed","ping_status":"closed","template":"","meta":{"footnotes":""},"portfolio_category":[161,142],"class_list":["post-69387","portfolio","type-portfolio","status-publish","has-post-thumbnail","hentry","portfolio_category-actual-fr","portfolio_category-archiv-fr"],"_links":{"self":[{"href":"https:\/\/www.benkadi.org\/fr\/wp-json\/wp\/v2\/portfolio\/69387","targetHints":{"allow":["GET"]}}],"collection":[{"href":"https:\/\/www.benkadi.org\/fr\/wp-json\/wp\/v2\/portfolio"}],"about":[{"href":"https:\/\/www.benkadi.org\/fr\/wp-json\/wp\/v2\/types\/portfolio"}],"author":[{"embeddable":true,"href":"https:\/\/www.benkadi.org\/fr\/wp-json\/wp\/v2\/users\/8"}],"replies":[{"embeddable":true,"href":"https:\/\/www.benkadi.org\/fr\/wp-json\/wp\/v2\/comments?post=69387"}],"version-history":[{"count":3,"href":"https:\/\/www.benkadi.org\/fr\/wp-json\/wp\/v2\/portfolio\/69387\/revisions"}],"predecessor-version":[{"id":69394,"href":"https:\/\/www.benkadi.org\/fr\/wp-json\/wp\/v2\/portfolio\/69387\/revisions\/69394"}],"wp:featuredmedia":[{"embeddable":true,"href":"https:\/\/www.benkadi.org\/fr\/wp-json\/wp\/v2\/media\/65965"}],"wp:attachment":[{"href":"https:\/\/www.benkadi.org\/fr\/wp-json\/wp\/v2\/media?parent=69387"}],"wp:term":[{"taxonomy":"portfolio_category","embeddable":true,"href":"https:\/\/www.benkadi.org\/fr\/wp-json\/wp\/v2\/portfolio_category?post=69387"}],"curies":[{"name":"wp","href":"https:\/\/api.w.org\/{rel}","templated":true}]}}

FDJM &#8211; Forum Démocratique de la Jeunesse du Mali

<div class="wpb-content-wrapper"><p>[vc_row][vc_column][vc_empty_space empty_h= »4&Prime;][vc_column_text uncode_shortcode_id= »194071&Prime;]<img decoding="async" class="alignnone size-full wp-image-65966" src="https://www.benkadi.org/wp-content/uploads/2017/10/MaliFDJM22.png" alt="" width="211" height="112" /></p>
<h3>L&rsquo;éducation est le moteur du changement</h3>
<h2>Investir dans l&rsquo;avenir des gens aujourd&rsquo;hui</h2>
<p>FDJM, le « Forum Démocratique de la Jeunesse du Mali », est une organisation à but non lucratif. Les projets et les événements du FDJM peuvent être divisés en trois domaines: éducation et formation, dialogue politique et justice sociale.</p>
<p>Le FDJM propose des formations pour les jeunes chômeurs avec le soutien de ses partenaires. De cette manière, des perspectives économiques sont créées, les dépendances sont surmontées et le fossé croissant entre les riches et les pauvres est quelque peu contrecarré.</p>
<p>Le FDJM encourage le dialogue démocratique et permet aux jeunes de prendre part au discours politique. Sur la base des contributions des jeunes du Mali, une lettre est rédigée et remise aux décideurs politiques. Le FDJM donne ainsi une voix à la jeunesse.</p>
<p>La FDJM organise des événements dans les domaines de l’éducation, du sport et de la culture. De cette manière, nous sensibilisons à la question de la justice sociale et jetons les bases d’une interaction sociale consciente et responsable.[/vc_column_text][vc_column_text text_color= »color-xsdn » uncode_shortcode_id= »622504&Prime; css= ».vc_custom_1693488038667{padding-top: 40px !important;padding-right: 40px !important;padding-bottom: 40px !important;padding-left: 40px !important;} » el_class= »greybox » text_color_type= »uncode-palette »]</p>
<p style="text-align: center;"><img decoding="async" class="alignnone size-full wp-image-65966" src="https://www.benkadi.org/wp-content/uploads/2023/08/MaliFDJM3.png" alt="" width="211" height="112" /></p>
<p style="text-align: center;">En créant des perspectives, nous combattons la susceptibilité à la pensée radicale et donc à la terreur – non seulement localement, mais partout dans le monde</p>
<p style="text-align: center;"><img decoding="async" class="alignnone size-full wp-image-69350" style="max-width: 40px; height: auto;" src="https://www.benkadi.org/wp-content/uploads/2023/08/fdjm-benkadi-kultur-raum-afrika-berlin-ar3.svg" alt="" width="1200" height="1200" /></p>
<p style="text-align: center;">Nous aidons les gens à trouver une base permanente pour gagner leur vie, leur permettant ainsi de vivre dignement et prévenant les causes de fuite</p>
<p style="text-align: center;"><img decoding="async" class="alignnone size-full wp-image-69350" style="max-width: 40px; height: auto;" src="https://www.benkadi.org/wp-content/uploads/2023/08/fdjm-benkadi-kultur-raum-afrika-berlin-ar3.svg" alt="" width="1200" height="1200" /></p>
<p style="text-align: center;">En soutenant un engagement actif avec l’environnement, nous créons une conscience pour un mode de vie et un travail durables</p>
<p style="text-align: center;"><img decoding="async" class="alignnone size-full wp-image-69350" style="max-width: 40px; height: auto;" src="https://www.benkadi.org/wp-content/uploads/2023/08/fdjm-benkadi-kultur-raum-afrika-berlin-ar3.svg" alt="" width="1200" height="1200" /></p>
<p style="text-align: center;">Nous encourageons les gens à participer à la société et créons des opportunités concrètes de participation sociale et politique</p>
<p>[/vc_column_text][vc_column_text uncode_shortcode_id= »148388&Prime;]</p>
<h2>Formation agricole holistique</h2>
<h3><em>2021-2024</em></h3>
<p>Le thème de l’autonomisation a toujours joué un rôle majeur pour le FDJM. En combinaison avec l’aspiration à offrir aux jeunes une éducation durable et à leur donner une compréhension des ressources naturelles qui les entourent, le projet actuel se concentre sur l’agriculture.</p>
<p>Ce faisant, les jeunes apprennent des technologies modernes telles que la culture sans sol et à faible impact, ainsi que les bases économiques et les exigences techniques d’un travail agricole réussi.</p>
<p><img decoding="async" class="alignnone size-full wp-image-69359" src="https://www.benkadi.org/wp-content/uploads/2023/08/fdjm-benkadi-kultur-raum-afrika-berlin-02.jpg" alt="" width="1300" height="484" /></p>
<hr />
<p>[/vc_column_text][vc_column_text uncode_shortcode_id= »993611&Prime;]</p>
<h2>Formation à la culture de légumes et de fruits biologiques</h2>
<h3><em>2020-2024</em></h3>
<p>Dans la première classe de formation en 2020, le FDJM formera 22 jeunes à la culture hors sol de légumes et de fruits biologiques. L’ agriculture hors sol sur des sols de tourbe et de noix de coco permet non seulement d’économiser l’eau, mais aussi de protéger les sols de la région et est donc moins saisonnière que tout autre type de d’agricultures.</p>
<p>La formation se déroule en trois phases : Une formation théorique dans les locaux du FDJM, une formation pratique sur des terrains spécialement loués et une formation complémentaire sur la commercialisation et la vente des produits récoltés. Toutes les phases de formation sont accompagnées par des partenaires locaux.</p>
<p><img decoding="async" class="alignnone size-full wp-image-69359" src="https://www.benkadi.org/wp-content/uploads/2023/08/fdjm-benkadi-kultur-raum-afrika-berlin-03.jpg" alt="" width="1300" height="484" /></p>
<hr />
<p>[/vc_column_text][vc_column_text uncode_shortcode_id= »167588&Prime;]</p>
<h2>Formation en Production de Jus Bio</h2>
<h3><em>2018</em></h3>
<p>Il est très important de sensibiliser les jeunes à l’autosuffisance durable. Dans ce contexte, FDJM et ses partenaires ont pu réaliser un cours sur la production de jus biologique allant de la connaissance théorique des techniques d’agriculture biologique à la production et la distribution de jus.</p>
<p><img decoding="async" class="alignnone size-full wp-image-69359" src="https://www.benkadi.org/wp-content/uploads/2023/08/fdjm-benkadi-kultur-raum-afrika-berlin-04.jpg" alt="" width="1300" height="484" /></p>
<hr />
<p>[/vc_column_text][vc_column_text uncode_shortcode_id= »181330&Prime;]</p>
<h2>Production de Savon Naturelle</h2>
<h3><em>2017 &#8211; 2024</em></h3>
<p>Depuis la nuit des temps, l’apprentissage de l’artisanat africain fut transmis de génération en génération jusqu’à nos jours. Ce qui donne un caractère authentique et une âme traditionnelle aux produits. Le FDJM a réalisé une formation en production de savon naturelle avec des partenaires locaux.</p>
<p><img decoding="async" class="alignnone size-full wp-image-69359" src="https://www.benkadi.org/wp-content/uploads/2023/08/fdjm-benkadi-kultur-raum-afrika-berlin-05.jpg" alt="" width="1300" height="484" /></p>
<hr />
<p>[/vc_column_text][vc_column_text uncode_shortcode_id= »118925&Prime;]</p>
<h2>Formation en Aviculture</h2>
<h3><em>2017</em></h3>
<p>L’autosuffisance et l’indépendance des jeunes est un des buts les plus importants du FDJM. Dans ce contexte une formation professionelle de jeunes en aviculture écologique a été organisé par le FDJM, BENKADI e.V. et des partenaires locaux. Le projet est co-financé par les fondations Stiftung Umverteilen et Stiftung Nord-Süd-Brücken.</p>
<p><img decoding="async" class="alignnone size-full wp-image-69359" src="https://www.benkadi.org/wp-content/uploads/2023/08/fdjm-benkadi-kultur-raum-afrika-berlin-06.jpg" alt="" width="1300" height="484" /></p>
<hr />
<p>[/vc_column_text][vc_column_text uncode_shortcode_id= »164114&Prime;]</p>
<h2>Tournoi de Football Féminin</h2>
<h3><em>2017</em></h3>
<p>Le FDJM défend l’idée de l’égalité entre homme et femme. Pour souligner sont engagement le FDJM a organisé un tournoi de football feminin des écoles de Bamako. Avec le soutient de l’association allemande « BENKADI e.V. » et des sponsors loceaux, une expérience unique pour les jeunes filles a pu été réalisée.</p>
<p><img decoding="async" class="alignnone size-full wp-image-69359" src="https://www.benkadi.org/wp-content/uploads/2023/08/fdjm-benkadi-kultur-raum-afrika-berlin-07.jpg" alt="" width="1300" height="484" /></p>
<hr />
<p>[/vc_column_text][vc_column_text uncode_shortcode_id= »272788&Prime;]</p>
<h2>Formation en Carrelage</h2>
<h3><em>2016</em></h3>
<p>Une formation de jeunes en carrelage a été organisée par le FDJM et sont partenaire la « Societé Malienne de Carrelage » (SoMaCa). Plus de soixante jeunes ont été formés au cours de cette formation durant deux mois et demis. Plus de 85% des jeunes on pu trouver un employ dans le secteur. La formation a été un succès a tout niveaux confirme le directeur de la SoMaCa, Mr. Cheick Oumar Sissoko.</p>
<p><img decoding="async" class="alignnone size-full wp-image-69359" src="https://www.benkadi.org/wp-content/uploads/2023/08/fdjm-benkadi-kultur-raum-afrika-berlin-08.jpg" alt="" width="1300" height="484" /></p>
<hr />
<p>[/vc_column_text][vc_column_text uncode_shortcode_id= »143534&Prime; css= ».vc_custom_1693488248493{margin-bottom: -20px !important;} »]</p>
<h3 style="text-align: center;">Nos Partenaires</h3>
<p>[/vc_column_text][/vc_column][/vc_row][vc_row][vc_column width= »1/4&Prime;][vc_single_image media= »69381&Prime; media_width_percent= »100&Prime; uncode_shortcode_id= »132524&Prime;][/vc_column][vc_column width= »1/4&Prime;][vc_single_image media= »69380&Prime; media_width_percent= »100&Prime; uncode_shortcode_id= »110813&Prime;][/vc_column][vc_column width= »1/4&Prime;][vc_single_image media= »69379&Prime; media_width_percent= »100&Prime; uncode_shortcode_id= »588489&Prime;][/vc_column][vc_column width= »1/4&Prime;][vc_single_image media= »69378&Prime; media_width_percent= »100&Prime; uncode_shortcode_id= »367546&Prime;][/vc_column][/vc_row]</p>
</div>
