{"id":69046,"date":"2023-08-17T09:58:17","date_gmt":"2023-08-17T09:58:17","guid":{"rendered":"https:\/\/www.benkadi.org\/?post_type=portfolio&#038;p=69046"},"modified":"2026-01-26T08:06:25","modified_gmt":"2026-01-26T08:06:25","slug":"lecole-teriya","status":"publish","type":"portfolio","link":"https:\/\/www.benkadi.org\/fr\/portfolio\/lecole-teriya","title":{"rendered":"L&rsquo;\u00c9COLE TERIYA"},"content":{"rendered":"<div class=\"wpb-content-wrapper\"><p>[vc_row][vc_column][vc_empty_space empty_h=\u00a0\u00bb5&Prime;][vc_column_text uncode_shortcode_id=\u00a0\u00bb104145&Prime;]<img decoding=\"async\" class=\"alignnone wp-image-68992 size-full\" src=\"https:\/\/www.benkadi.org\/wp-content\/uploads\/2023\/08\/benkadi-kultur-raum-afrika-berlin-03.jpg\" alt=\"\" width=\"1200\" height=\"900\" srcset=\"https:\/\/www.benkadi.org\/wp-content\/uploads\/2023\/08\/benkadi-kultur-raum-afrika-berlin-03.jpg 1200w, https:\/\/www.benkadi.org\/wp-content\/uploads\/2023\/08\/benkadi-kultur-raum-afrika-berlin-03-300x225.jpg 300w, https:\/\/www.benkadi.org\/wp-content\/uploads\/2023\/08\/benkadi-kultur-raum-afrika-berlin-03-1024x768.jpg 1024w, https:\/\/www.benkadi.org\/wp-content\/uploads\/2023\/08\/benkadi-kultur-raum-afrika-berlin-03-768x576.jpg 768w, https:\/\/www.benkadi.org\/wp-content\/uploads\/2023\/08\/benkadi-kultur-raum-afrika-berlin-03-350x263.jpg 350w\" sizes=\"(max-width: 1200px) 100vw, 1200px\" \/>En f\u00e9vrier 2022, Laurence Chaborel s&rsquo;est rendue pour la premi\u00e8re fois de sa vie en Afrique<br \/>\net de surcro\u00eet dans l&rsquo;un des pays les plus pauvres: le Mali. Elle a pu visiter l&rsquo;\u00e9cole des enfants de sa famille d&rsquo;accueil et a \u00e9t\u00e9 surprise de voir \u00e0 quel point les enfants y apprennent avec application et \u00e0 quel point les enseignants sont engag\u00e9s.<br \/>\nCette \u00e9cole est encore un chantier, sans fen\u00eatres ni portes, sans sol, les enseignants n&rsquo;ont qu&rsquo;un tableau noir et de la craie et les enfants n&rsquo;ont pas de livres, juste quelques cahiers. Il y manque tout, bien qu&rsquo;il s&rsquo;agisse d&rsquo;une \u00ab\u00a0\u00e9cole priv\u00e9e\u00a0\u00bb. Dans les \u00e9coles publiques &#8211; sans moyens suffisants &#8211; avec jusqu&rsquo;\u00e0 100 enfants par classe, seul un enseignement rudimentaire est souvent possible.<br \/>\nDans l&rsquo;\u00e9cole Teriya, il y a tout de m\u00eame 50 \u00e0 60 enfants par classe (une classe pr\u00e9scolaire et de la 1\u00e8re \u00e0 la 9\u00e8me classe). L&rsquo;enseignement est dispens\u00e9 selon les programmes scolaires fran\u00e7ais. Apr\u00e8s la 9e classe, les enfants passent l&rsquo;examen fran\u00e7ais du MSA (Brevet BEPC).<br \/>\nCette \u00e9cole accueille \u00e9galement des enfants devenus orphelins (25 dans le primaire et 21 dans le secondaire) et les parents qui s&rsquo;occupent de ces enfants ne parviennent plus \u00e0 payer les frais de scolarit\u00e9 :<\/p>\n<ul>\n<li>5000 Fr. par mois (\u20ac 7,60) pour les enfants du primaire et<\/li>\n<li>8500 Fr. par mois (\u20ac 13,00) dans l&rsquo;enseignement secondaire.<\/li>\n<\/ul>\n<p>Ces enfants doivent alors quitter l&rsquo;\u00e9cole et ne recevront jamais une bonne \u00e9ducation, mais devront aller travailler pour leur famille.<\/p>\n<p>NOUS VOULONS AIDER !<br \/>\nNOUS CHERCHONS ENCORE DES MARRAINES\/PARRAINS QUI PRENNENT EN CHARGE LES FRAIS DE SCOLARIT\u00c9 AFIN QUE CES ENFANTS PUISSENT \u00c0 NOUVEAU B\u00c9N\u00c9FICIER DU DROIT \u00c0 L&rsquo;\u00c9DUCATION ET POUVOIR SOURIRE !<\/p>\n<p>L&rsquo;association BENKADI prend en charge le projet en tant qu&rsquo;association fa\u00eeti\u00e8re et d\u00e9livre chaque ann\u00e9e des attestations de dons. Les parrains et marraines re\u00e7oivent une photo de l&rsquo;enfant, son acte de naissance, son certificat de scolarit\u00e9, r\u00e9guli\u00e8rement le bulletin scolaire de l&rsquo;enfant. Comme tous les adultes au Mali ont un t\u00e9l\u00e9phone portable et whatsapp, il y a aussi la possibilit\u00e9 de t\u00e9l\u00e9phoner de temps en temps \u00e0 l&rsquo;enfant. Les petits enfants ne parlent que le fran\u00e7ais et le bambara, les plus \u00e2g\u00e9s apprennent l&rsquo;anglais \u00e0 partir de la 6\u00e8me classe.<\/p>\n<p>DEVENEZ PARRAIN OU MARRAINE ET DONNEZ A UN ENFANT LA CHANCE D&rsquo;ALLER A L&rsquo;ECOLE!<\/p>\n<p>Co\u00fbt par an :<\/p>\n<ul>\n<li>100\u20ac pour un enfant du primaire (de la 1\u00e8re classe \u00e0 la 5\u00e8me classe)<\/li>\n<li>162\u20ac pour un enfant au coll\u00e8ge (de la 6e classe \u00e0 la 9e classe) (frais de virement bancaire et d&rsquo;affranchissement inclus). Possibilit\u00e9 d&rsquo;une contribution mensuelle de 9 \u20ac ou 14 \u20ac.<\/li>\n<\/ul>\n<p>BENKADI e.V. Culture &#8211; Espace &#8211; Afrique<br \/>\nDr. Edda Brandes<br \/>\nMuskauer Str. 50, 10997 Berlin<br \/>\nT\u00e9l. : 030-6183219<\/p>\n<p>GLS Gemeinschaftsbank<br \/>\nIBAN DE67 4306 0967 4004 6126 02<br \/>\nProjet : Frais de scolarit\u00e9 pour les orphelins de l&rsquo;\u00e9cole Teriya<\/p>\n<p><img decoding=\"async\" class=\"alignnone size-full wp-image-68989\" style=\"width: 100%; min-width: 100%;\" src=\"https:\/\/www.benkadi.org\/wp-content\/uploads\/2023\/08\/benkadi-kultur-raum-afrika-berlin-01.jpg\" alt=\"\" width=\"1024\" height=\"768\" srcset=\"https:\/\/www.benkadi.org\/wp-content\/uploads\/2023\/08\/benkadi-kultur-raum-afrika-berlin-01.jpg 1024w, https:\/\/www.benkadi.org\/wp-content\/uploads\/2023\/08\/benkadi-kultur-raum-afrika-berlin-01-300x225.jpg 300w, https:\/\/www.benkadi.org\/wp-content\/uploads\/2023\/08\/benkadi-kultur-raum-afrika-berlin-01-768x576.jpg 768w, https:\/\/www.benkadi.org\/wp-content\/uploads\/2023\/08\/benkadi-kultur-raum-afrika-berlin-01-350x263.jpg 350w\" sizes=\"(max-width: 1024px) 100vw, 1024px\" \/><\/p>\n<p><img decoding=\"async\" class=\"alignnone size-full wp-image-69452\" src=\"https:\/\/www.benkadi.org\/wp-content\/uploads\/2023\/08\/benkadi-kultur-raum-afrika-berlin-2025-13-14.jpg\" alt=\"\" width=\"1300\" height=\"480\" srcset=\"https:\/\/www.benkadi.org\/wp-content\/uploads\/2023\/08\/benkadi-kultur-raum-afrika-berlin-2025-13-14.jpg 1300w, https:\/\/www.benkadi.org\/wp-content\/uploads\/2023\/08\/benkadi-kultur-raum-afrika-berlin-2025-13-14-300x111.jpg 300w, https:\/\/www.benkadi.org\/wp-content\/uploads\/2023\/08\/benkadi-kultur-raum-afrika-berlin-2025-13-14-1024x378.jpg 1024w, https:\/\/www.benkadi.org\/wp-content\/uploads\/2023\/08\/benkadi-kultur-raum-afrika-berlin-2025-13-14-768x284.jpg 768w, https:\/\/www.benkadi.org\/wp-content\/uploads\/2023\/08\/benkadi-kultur-raum-afrika-berlin-2025-13-14-350x129.jpg 350w\" sizes=\"(max-width: 1300px) 100vw, 1300px\" \/><br \/>\n<img decoding=\"async\" class=\"alignnone size-full wp-image-69451\" src=\"https:\/\/www.benkadi.org\/wp-content\/uploads\/2023\/08\/benkadi-kultur-raum-afrika-berlin-2025-12-11.jpg\" alt=\"\" width=\"1300\" height=\"480\" srcset=\"https:\/\/www.benkadi.org\/wp-content\/uploads\/2023\/08\/benkadi-kultur-raum-afrika-berlin-2025-12-11.jpg 1300w, https:\/\/www.benkadi.org\/wp-content\/uploads\/2023\/08\/benkadi-kultur-raum-afrika-berlin-2025-12-11-300x111.jpg 300w, https:\/\/www.benkadi.org\/wp-content\/uploads\/2023\/08\/benkadi-kultur-raum-afrika-berlin-2025-12-11-1024x378.jpg 1024w, https:\/\/www.benkadi.org\/wp-content\/uploads\/2023\/08\/benkadi-kultur-raum-afrika-berlin-2025-12-11-768x284.jpg 768w, https:\/\/www.benkadi.org\/wp-content\/uploads\/2023\/08\/benkadi-kultur-raum-afrika-berlin-2025-12-11-350x129.jpg 350w\" sizes=\"(max-width: 1300px) 100vw, 1300px\" \/><\/p>\n<p>Des visites r\u00e9guli\u00e8res de membres de l&rsquo;association peuvent \u00eatre associ\u00e9es \u00e0 la remise de livres pour la biblioth\u00e8que de l&rsquo;\u00e9cole et \u00e0 des salutations de la part des parrains et marraines.<\/p>\n<p><!--\n<img decoding=\"async\" class=\"alignnone size-full wp-image-68991\" src=\"https:\/\/www.benkadi.org\/wp-content\/uploads\/2023\/08\/benkadi-kultur-raum-afrika-berlin-02und06-1.jpg\" alt=\"\" width=\"1300\" height=\"484\" \/>\n\nL'\u00e9cole est encore en cours de construction, mais l'enseignement est dispens\u00e9 partout.\n\nEn f\u00e9vrier 2023, Edda B. et Uli K. remettaient des livres en fran\u00e7ais \u00e0 la direction.-->[\/vc_column_text][\/vc_column][\/vc_row][vc_row][vc_column width=\u00a0\u00bb1\/1&Prime;][vc_empty_space empty_h=\u00a0\u00bb2&Prime;][\/vc_column][\/vc_row]<\/p>\n<\/div>","protected":false},"excerpt":{"rendered":"<p>Des marraines\/parrains prennent en charge<br \/>\nles frais de scolarit\u00e9 pour les orphelins<br \/>\n\u00e0 l&rsquo;\u00e9cole primaire de Bamako<\/p>\n","protected":false},"author":3,"featured_media":69459,"parent":0,"menu_order":0,"comment_status":"closed","ping_status":"closed","template":"","meta":{"footnotes":""},"portfolio_category":[161,137,145],"class_list":["post-69046","portfolio","type-portfolio","status-publish","has-post-thumbnail","hentry","portfolio_category-actual-fr","portfolio_category-engagement-social","portfolio_category-projets"],"_links":{"self":[{"href":"https:\/\/www.benkadi.org\/fr\/wp-json\/wp\/v2\/portfolio\/69046","targetHints":{"allow":["GET"]}}],"collection":[{"href":"https:\/\/www.benkadi.org\/fr\/wp-json\/wp\/v2\/portfolio"}],"about":[{"href":"https:\/\/www.benkadi.org\/fr\/wp-json\/wp\/v2\/types\/portfolio"}],"author":[{"embeddable":true,"href":"https:\/\/www.benkadi.org\/fr\/wp-json\/wp\/v2\/users\/3"}],"replies":[{"embeddable":true,"href":"https:\/\/www.benkadi.org\/fr\/wp-json\/wp\/v2\/comments?post=69046"}],"version-history":[{"count":7,"href":"https:\/\/www.benkadi.org\/fr\/wp-json\/wp\/v2\/portfolio\/69046\/revisions"}],"predecessor-version":[{"id":69669,"href":"https:\/\/www.benkadi.org\/fr\/wp-json\/wp\/v2\/portfolio\/69046\/revisions\/69669"}],"wp:featuredmedia":[{"embeddable":true,"href":"https:\/\/www.benkadi.org\/fr\/wp-json\/wp\/v2\/media\/69459"}],"wp:attachment":[{"href":"https:\/\/www.benkadi.org\/fr\/wp-json\/wp\/v2\/media?parent=69046"}],"wp:term":[{"taxonomy":"portfolio_category","embeddable":true,"href":"https:\/\/www.benkadi.org\/fr\/wp-json\/wp\/v2\/portfolio_category?post=69046"}],"curies":[{"name":"wp","href":"https:\/\/api.w.org\/{rel}","templated":true}]}}

L&rsquo;ÉCOLE TERIYA

<div class="wpb-content-wrapper"><p>[vc_row][vc_column][vc_empty_space empty_h= »5&Prime;][vc_column_text uncode_shortcode_id= »104145&Prime;]<img decoding="async" class="alignnone wp-image-68992 size-full" src="https://www.benkadi.org/wp-content/uploads/2023/08/benkadi-kultur-raum-afrika-berlin-03.jpg" alt="" width="1200" height="900" srcset="https://www.benkadi.org/wp-content/uploads/2023/08/benkadi-kultur-raum-afrika-berlin-03.jpg 1200w, https://www.benkadi.org/wp-content/uploads/2023/08/benkadi-kultur-raum-afrika-berlin-03-300x225.jpg 300w, https://www.benkadi.org/wp-content/uploads/2023/08/benkadi-kultur-raum-afrika-berlin-03-1024x768.jpg 1024w, https://www.benkadi.org/wp-content/uploads/2023/08/benkadi-kultur-raum-afrika-berlin-03-768x576.jpg 768w, https://www.benkadi.org/wp-content/uploads/2023/08/benkadi-kultur-raum-afrika-berlin-03-350x263.jpg 350w" sizes="(max-width: 1200px) 100vw, 1200px" />En février 2022, Laurence Chaborel s&rsquo;est rendue pour la première fois de sa vie en Afrique<br />
et de surcroît dans l&rsquo;un des pays les plus pauvres: le Mali. Elle a pu visiter l&rsquo;école des enfants de sa famille d&rsquo;accueil et a été surprise de voir à quel point les enfants y apprennent avec application et à quel point les enseignants sont engagés.<br />
Cette école est encore un chantier, sans fenêtres ni portes, sans sol, les enseignants n&rsquo;ont qu&rsquo;un tableau noir et de la craie et les enfants n&rsquo;ont pas de livres, juste quelques cahiers. Il y manque tout, bien qu&rsquo;il s&rsquo;agisse d&rsquo;une « école privée ». Dans les écoles publiques &#8211; sans moyens suffisants &#8211; avec jusqu&rsquo;à 100 enfants par classe, seul un enseignement rudimentaire est souvent possible.<br />
Dans l&rsquo;école Teriya, il y a tout de même 50 à 60 enfants par classe (une classe préscolaire et de la 1ère à la 9ème classe). L&rsquo;enseignement est dispensé selon les programmes scolaires français. Après la 9e classe, les enfants passent l&rsquo;examen français du MSA (Brevet BEPC).<br />
Cette école accueille également des enfants devenus orphelins (25 dans le primaire et 21 dans le secondaire) et les parents qui s&rsquo;occupent de ces enfants ne parviennent plus à payer les frais de scolarité :</p>
<ul>
<li>5000 Fr. par mois (€ 7,60) pour les enfants du primaire et</li>
<li>8500 Fr. par mois (€ 13,00) dans l&rsquo;enseignement secondaire.</li>
</ul>
<p>Ces enfants doivent alors quitter l&rsquo;école et ne recevront jamais une bonne éducation, mais devront aller travailler pour leur famille.</p>
<p>NOUS VOULONS AIDER !<br />
NOUS CHERCHONS ENCORE DES MARRAINES/PARRAINS QUI PRENNENT EN CHARGE LES FRAIS DE SCOLARITÉ AFIN QUE CES ENFANTS PUISSENT À NOUVEAU BÉNÉFICIER DU DROIT À L&rsquo;ÉDUCATION ET POUVOIR SOURIRE !</p>
<p>L&rsquo;association BENKADI prend en charge le projet en tant qu&rsquo;association faîtière et délivre chaque année des attestations de dons. Les parrains et marraines reçoivent une photo de l&rsquo;enfant, son acte de naissance, son certificat de scolarité, régulièrement le bulletin scolaire de l&rsquo;enfant. Comme tous les adultes au Mali ont un téléphone portable et whatsapp, il y a aussi la possibilité de téléphoner de temps en temps à l&rsquo;enfant. Les petits enfants ne parlent que le français et le bambara, les plus âgés apprennent l&rsquo;anglais à partir de la 6ème classe.</p>
<p>DEVENEZ PARRAIN OU MARRAINE ET DONNEZ A UN ENFANT LA CHANCE D&rsquo;ALLER A L&rsquo;ECOLE!</p>
<p>Coût par an :</p>
<ul>
<li>100€ pour un enfant du primaire (de la 1ère classe à la 5ème classe)</li>
<li>162€ pour un enfant au collège (de la 6e classe à la 9e classe) (frais de virement bancaire et d&rsquo;affranchissement inclus). Possibilité d&rsquo;une contribution mensuelle de 9 € ou 14 €.</li>
</ul>
<p>BENKADI e.V. Culture &#8211; Espace &#8211; Afrique<br />
Dr. Edda Brandes<br />
Muskauer Str. 50, 10997 Berlin<br />
Tél. : 030-6183219</p>
<p>GLS Gemeinschaftsbank<br />
IBAN DE67 4306 0967 4004 6126 02<br />
Projet : Frais de scolarité pour les orphelins de l&rsquo;école Teriya</p>
<p><img decoding="async" class="alignnone size-full wp-image-68989" style="width: 100%; min-width: 100%;" src="https://www.benkadi.org/wp-content/uploads/2023/08/benkadi-kultur-raum-afrika-berlin-01.jpg" alt="" width="1024" height="768" srcset="https://www.benkadi.org/wp-content/uploads/2023/08/benkadi-kultur-raum-afrika-berlin-01.jpg 1024w, https://www.benkadi.org/wp-content/uploads/2023/08/benkadi-kultur-raum-afrika-berlin-01-300x225.jpg 300w, https://www.benkadi.org/wp-content/uploads/2023/08/benkadi-kultur-raum-afrika-berlin-01-768x576.jpg 768w, https://www.benkadi.org/wp-content/uploads/2023/08/benkadi-kultur-raum-afrika-berlin-01-350x263.jpg 350w" sizes="(max-width: 1024px) 100vw, 1024px" /></p>
<p><img decoding="async" class="alignnone size-full wp-image-69452" src="https://www.benkadi.org/wp-content/uploads/2023/08/benkadi-kultur-raum-afrika-berlin-2025-13-14.jpg" alt="" width="1300" height="480" srcset="https://www.benkadi.org/wp-content/uploads/2023/08/benkadi-kultur-raum-afrika-berlin-2025-13-14.jpg 1300w, https://www.benkadi.org/wp-content/uploads/2023/08/benkadi-kultur-raum-afrika-berlin-2025-13-14-300x111.jpg 300w, https://www.benkadi.org/wp-content/uploads/2023/08/benkadi-kultur-raum-afrika-berlin-2025-13-14-1024x378.jpg 1024w, https://www.benkadi.org/wp-content/uploads/2023/08/benkadi-kultur-raum-afrika-berlin-2025-13-14-768x284.jpg 768w, https://www.benkadi.org/wp-content/uploads/2023/08/benkadi-kultur-raum-afrika-berlin-2025-13-14-350x129.jpg 350w" sizes="(max-width: 1300px) 100vw, 1300px" /><br />
<img decoding="async" class="alignnone size-full wp-image-69451" src="https://www.benkadi.org/wp-content/uploads/2023/08/benkadi-kultur-raum-afrika-berlin-2025-12-11.jpg" alt="" width="1300" height="480" srcset="https://www.benkadi.org/wp-content/uploads/2023/08/benkadi-kultur-raum-afrika-berlin-2025-12-11.jpg 1300w, https://www.benkadi.org/wp-content/uploads/2023/08/benkadi-kultur-raum-afrika-berlin-2025-12-11-300x111.jpg 300w, https://www.benkadi.org/wp-content/uploads/2023/08/benkadi-kultur-raum-afrika-berlin-2025-12-11-1024x378.jpg 1024w, https://www.benkadi.org/wp-content/uploads/2023/08/benkadi-kultur-raum-afrika-berlin-2025-12-11-768x284.jpg 768w, https://www.benkadi.org/wp-content/uploads/2023/08/benkadi-kultur-raum-afrika-berlin-2025-12-11-350x129.jpg 350w" sizes="(max-width: 1300px) 100vw, 1300px" /></p>
<p>Des visites régulières de membres de l&rsquo;association peuvent être associées à la remise de livres pour la bibliothèque de l&rsquo;école et à des salutations de la part des parrains et marraines.</p>
<p><!--
<img decoding="async" class="alignnone size-full wp-image-68991" src="https://www.benkadi.org/wp-content/uploads/2023/08/benkadi-kultur-raum-afrika-berlin-02und06-1.jpg" alt="" width="1300" height="484" />

L'école est encore en cours de construction, mais l'enseignement est dispensé partout.

En février 2023, Edda B. et Uli K. remettaient des livres en français à la direction.-->[/vc_column_text][/vc_column][/vc_row][vc_row][vc_column width= »1/1&Prime;][vc_empty_space empty_h= »2&Prime;][/vc_column][/vc_row]</p>
</div>

<p>Des marraines/parrains prennent en charge<br />
les frais de scolarité pour les orphelins<br />
à l&rsquo;école primaire de Bamako</p>
