{"id":66835,"date":"2020-03-09T12:16:48","date_gmt":"2020-03-09T12:16:48","guid":{"rendered":"https:\/\/www.benkadi.org\/portfolio\/ainsi-va-la-vie-vivre-avec-le-rituel-de-la-circoncision-70min"},"modified":"2025-03-04T08:56:52","modified_gmt":"2025-03-04T08:56:52","slug":"ainsi-va-la-vie-vivre-avec-le-rituel-de-la-circoncision-70min","status":"publish","type":"portfolio","link":"https:\/\/www.benkadi.org\/fr\/portfolio\/ainsi-va-la-vie-vivre-avec-le-rituel-de-la-circoncision-70min","title":{"rendered":"Ainsi va la vie &#8211; Vivre avec le rituel de la circoncision (70min)"},"content":{"rendered":"<p>Au contenu :<\/p>\n<p>Nous accompagnons trois personnes, deux femmes et un homme, dans leur vie priv\u00e9e et publique \u00e0 Bamako, la capitale du Mali. Tous les trois ont des exp\u00e9riences et des opinions tr\u00e8s diff\u00e9rentes sur la pratique de l&rsquo;excision. Les deux femmes ont \u00e9t\u00e9 excis\u00e9es. Alors que Djeneba fait exciser ses filles et donne plusieurs \u00ab\u00a0bonnes\u00a0\u00bb raisons pour cela de son point de vue, Fatou souffre encore des cons\u00e9quences de cette intervention, qu&rsquo;elle a v\u00e9cue \u00e0 l&rsquo;\u00e2ge d&rsquo;environ 8 ans et lutte passionn\u00e9ment contre elle. Salia, anthropologue au Mus\u00e9e National de Bamako, est prise entre toutes les chaises : Son \u00e9ducation occidentale lui fait rejeter cette pratique ; cependant, quand il se voit devant son fr\u00e8re a\u00een\u00e9 au village, qui a le pouvoir de donner des ordres, il dit qu&rsquo;il ne peut rien faire contre ces autorit\u00e9s, s&rsquo;il ne veut pas provoquer une rupture avec sa famille d&rsquo;origine.<span class=\"Apple-converted-space\">\u00a0<\/span><\/p>\n<p>Le film donne un aper\u00e7u de la vie quotidienne des trois protagonistes et accorde \u00e0 chacun d&rsquo;eux un grand respect et l&rsquo;inviolabilit\u00e9 de leur dignit\u00e9. \u00ab\u00a0Ainsi va la vie\u00a0\u00bb est un film po\u00e9tique qui suscite la consternation et laisse place \u00e0 la prise en compte du sort des personnes concern\u00e9es.<span class=\"Apple-converted-space\">\u00a0<\/span><\/p>\n<p>&nbsp;<\/p>\n<div class=\"video-container\"><iframe src=\"https:\/\/player.vimeo.com\/video\/492454404\" frameborder=\"0\" allowfullscreen=\"allowfullscreen\" data-mce-fragment=\"1\"><\/iframe><\/div>\n","protected":false},"excerpt":{"rendered":"<p>Un documentaire de Edda Brandes &#038; Svenja Cussler, 2001<\/p>\n","protected":false},"author":3,"featured_media":66988,"parent":0,"menu_order":0,"comment_status":"closed","ping_status":"closed","template":"","meta":{"footnotes":""},"portfolio_category":[161,121],"class_list":["post-66835","portfolio","type-portfolio","status-publish","has-post-thumbnail","hentry","portfolio_category-actual-fr","portfolio_category-filme-fr"],"_links":{"self":[{"href":"https:\/\/www.benkadi.org\/fr\/wp-json\/wp\/v2\/portfolio\/66835","targetHints":{"allow":["GET"]}}],"collection":[{"href":"https:\/\/www.benkadi.org\/fr\/wp-json\/wp\/v2\/portfolio"}],"about":[{"href":"https:\/\/www.benkadi.org\/fr\/wp-json\/wp\/v2\/types\/portfolio"}],"author":[{"embeddable":true,"href":"https:\/\/www.benkadi.org\/fr\/wp-json\/wp\/v2\/users\/3"}],"replies":[{"embeddable":true,"href":"https:\/\/www.benkadi.org\/fr\/wp-json\/wp\/v2\/comments?post=66835"}],"version-history":[{"count":2,"href":"https:\/\/www.benkadi.org\/fr\/wp-json\/wp\/v2\/portfolio\/66835\/revisions"}],"predecessor-version":[{"id":69620,"href":"https:\/\/www.benkadi.org\/fr\/wp-json\/wp\/v2\/portfolio\/66835\/revisions\/69620"}],"wp:featuredmedia":[{"embeddable":true,"href":"https:\/\/www.benkadi.org\/fr\/wp-json\/wp\/v2\/media\/66988"}],"wp:attachment":[{"href":"https:\/\/www.benkadi.org\/fr\/wp-json\/wp\/v2\/media?parent=66835"}],"wp:term":[{"taxonomy":"portfolio_category","embeddable":true,"href":"https:\/\/www.benkadi.org\/fr\/wp-json\/wp\/v2\/portfolio_category?post=66835"}],"curies":[{"name":"wp","href":"https:\/\/api.w.org\/{rel}","templated":true}]}}

<p>Au contenu :</p>
<p>Nous accompagnons trois personnes, deux femmes et un homme, dans leur vie privée et publique à Bamako, la capitale du Mali. Tous les trois ont des expériences et des opinions très différentes sur la pratique de l&rsquo;excision. Les deux femmes ont été excisées. Alors que Djeneba fait exciser ses filles et donne plusieurs « bonnes » raisons pour cela de son point de vue, Fatou souffre encore des conséquences de cette intervention, qu&rsquo;elle a vécue à l&rsquo;âge d&rsquo;environ 8 ans et lutte passionnément contre elle. Salia, anthropologue au Musée National de Bamako, est prise entre toutes les chaises : Son éducation occidentale lui fait rejeter cette pratique ; cependant, quand il se voit devant son frère aîné au village, qui a le pouvoir de donner des ordres, il dit qu&rsquo;il ne peut rien faire contre ces autorités, s&rsquo;il ne veut pas provoquer une rupture avec sa famille d&rsquo;origine.<span class="Apple-converted-space"> </span></p>
<p>Le film donne un aperçu de la vie quotidienne des trois protagonistes et accorde à chacun d&rsquo;eux un grand respect et l&rsquo;inviolabilité de leur dignité. « Ainsi va la vie » est un film poétique qui suscite la consternation et laisse place à la prise en compte du sort des personnes concernées.<span class="Apple-converted-space"> </span></p>
<p>&nbsp;</p>
<div class="video-container"><iframe src="https://player.vimeo.com/video/492454404" frameborder="0" allowfullscreen="allowfullscreen" data-mce-fragment="1"></iframe></div>
