{"id":66829,"date":"2017-10-20T10:38:59","date_gmt":"2017-10-20T10:38:59","guid":{"rendered":"https:\/\/www.benkadi.org\/portfolio\/fdjm-forum-democratique-de-la-jeunesse-du-mali"},"modified":"2025-02-24T19:22:23","modified_gmt":"2025-02-24T19:22:23","slug":"fdjm-forum-democratique-de-la-jeunesse-du-mali","status":"publish","type":"portfolio","link":"https:\/\/www.benkadi.org\/fr\/portfolio\/fdjm-forum-democratique-de-la-jeunesse-du-mali","title":{"rendered":"FDJM &#8211; Forum D\u00e9mocratique de la Jeunesse du Mali"},"content":{"rendered":"<div class=\"wpb-content-wrapper\"><p>[vc_row][vc_column][vc_empty_space empty_h=\u00a0\u00bb1&Prime;][vc_column_text uncode_shortcode_id=\u00a0\u00bb811143&Prime;]<\/p>\n<p style=\"text-align: left; color: red;\">NOUVEAUX COURS DE FORMATION<br \/>\nFDJM &#8211; en 2025<\/p>\n<p>[\/vc_column_text][vc_column_text css=\u00a0\u00bb.vc_custom_1739204068850{margin-top: 50px !important;}\u00a0\u00bb uncode_shortcode_id=\u00a0\u00bb204740&Prime;]<img decoding=\"async\" class=\"alignnone size-full wp-image-65966\" src=\"https:\/\/www.benkadi.org\/wp-content\/uploads\/2017\/10\/MaliFDJM22.png\" alt=\"\" width=\"211\" height=\"112\" \/><\/p>\n<p>FDJM a \u00e9t\u00e9 fond\u00e9e en 2015 par de jeunes adultes \u00e0 Bamako. Tous les membres apportent des comp\u00e9tences professionnelles en \u00e9conomie, droit et artisanat et ont de bonnes relations avec les entreprises locales et les personnes concern\u00e9es.<\/p>\n<p>Avec le soutien financier de la <strong>STIFTUNG NORD-S\u00dcD-BR\u00dcCKEN<\/strong>, BENKADI a lanc\u00e9 en 2017 son premier projet de formation de jeunes adultes \u00e0 Bamako\/Mali. Jusqu&rsquo;\u00e0 pr\u00e9sent, des offres d&rsquo;apprentissage ont \u00e9t\u00e9 mises en place pour environ 200 participants en termes de trois mois dans les domaines suivants :<\/p>\n<ul>\n<li>Production de savon<\/li>\n<li>\u00c9levage de volailles<\/li>\n<li>Jus de fruits et de l\u00e9gumes<\/li>\n<li>Technique solaire<\/li>\n<li>Agriculture<\/li>\n<\/ul>\n<p>Apr\u00e8s avoir doubl\u00e9 le montant de l&rsquo;investissement de 25.000 \u20ac \u00e0 50.000 \u20ac, il est devenu possible en 2023 d&rsquo;acheter 4 h de terrain afin de proposer une formation dans le secteur agricole encore plus professionnelle et avec des surfaces propres. Le site se trouve \u00e0 environ 70 km de Bamako, pr\u00e8s du village de Mana, dans la commune d&rsquo;Ouelessebougou, r\u00e9gion de Bougouni, sur la route nationale 7. Entre-temps, on y trouve un ch\u00e2teau d&rsquo;eau, une maison de gardien, un entrep\u00f4t, deux toilettes et deux bassins pour la formation en pisciculture.<\/p>\n<p><img decoding=\"async\" class=\"alignnone size-full wp-image-69478\" src=\"https:\/\/www.benkadi.org\/wp-content\/uploads\/2017\/10\/benkadi-kultur-raum-afrika-berlin-2025-17.jpg\" alt=\"\" width=\"640\" height=\"480\" srcset=\"https:\/\/www.benkadi.org\/wp-content\/uploads\/2017\/10\/benkadi-kultur-raum-afrika-berlin-2025-17.jpg 640w, https:\/\/www.benkadi.org\/wp-content\/uploads\/2017\/10\/benkadi-kultur-raum-afrika-berlin-2025-17-300x225.jpg 300w, https:\/\/www.benkadi.org\/wp-content\/uploads\/2017\/10\/benkadi-kultur-raum-afrika-berlin-2025-17-350x263.jpg 350w\" sizes=\"(max-width: 640px) 100vw, 640px\" \/><\/p>\n<p><img decoding=\"async\" class=\"alignnone size-full wp-image-69474\" src=\"https:\/\/www.benkadi.org\/wp-content\/uploads\/2017\/10\/benkadi-kultur-raum-afrika-berlin-2025-18-16.jpg\" alt=\"\" width=\"1151\" height=\"640\" srcset=\"https:\/\/www.benkadi.org\/wp-content\/uploads\/2017\/10\/benkadi-kultur-raum-afrika-berlin-2025-18-16.jpg 1151w, https:\/\/www.benkadi.org\/wp-content\/uploads\/2017\/10\/benkadi-kultur-raum-afrika-berlin-2025-18-16-300x167.jpg 300w, https:\/\/www.benkadi.org\/wp-content\/uploads\/2017\/10\/benkadi-kultur-raum-afrika-berlin-2025-18-16-1024x569.jpg 1024w, https:\/\/www.benkadi.org\/wp-content\/uploads\/2017\/10\/benkadi-kultur-raum-afrika-berlin-2025-18-16-768x427.jpg 768w, https:\/\/www.benkadi.org\/wp-content\/uploads\/2017\/10\/benkadi-kultur-raum-afrika-berlin-2025-18-16-350x195.jpg 350w\" sizes=\"(max-width: 1151px) 100vw, 1151px\" \/><\/p>\n<p><img decoding=\"async\" class=\"alignnone size-full wp-image-69480\" src=\"https:\/\/www.benkadi.org\/wp-content\/uploads\/2017\/10\/benkadi-kultur-raum-afrika-berlin-2025-15.jpg\" alt=\"\" width=\"640\" height=\"480\" srcset=\"https:\/\/www.benkadi.org\/wp-content\/uploads\/2017\/10\/benkadi-kultur-raum-afrika-berlin-2025-15.jpg 640w, https:\/\/www.benkadi.org\/wp-content\/uploads\/2017\/10\/benkadi-kultur-raum-afrika-berlin-2025-15-300x225.jpg 300w, https:\/\/www.benkadi.org\/wp-content\/uploads\/2017\/10\/benkadi-kultur-raum-afrika-berlin-2025-15-350x263.jpg 350w\" sizes=\"(max-width: 640px) 100vw, 640px\" \/><\/p>\n<p><img decoding=\"async\" class=\"alignnone size-full wp-image-69473\" src=\"https:\/\/www.benkadi.org\/wp-content\/uploads\/2017\/10\/benkadi-kultur-raum-afrika-berlin-2025-19-20.jpg\" alt=\"\" width=\"1300\" height=\"480\" srcset=\"https:\/\/www.benkadi.org\/wp-content\/uploads\/2017\/10\/benkadi-kultur-raum-afrika-berlin-2025-19-20.jpg 1300w, https:\/\/www.benkadi.org\/wp-content\/uploads\/2017\/10\/benkadi-kultur-raum-afrika-berlin-2025-19-20-300x111.jpg 300w, https:\/\/www.benkadi.org\/wp-content\/uploads\/2017\/10\/benkadi-kultur-raum-afrika-berlin-2025-19-20-1024x378.jpg 1024w, https:\/\/www.benkadi.org\/wp-content\/uploads\/2017\/10\/benkadi-kultur-raum-afrika-berlin-2025-19-20-768x284.jpg 768w, https:\/\/www.benkadi.org\/wp-content\/uploads\/2017\/10\/benkadi-kultur-raum-afrika-berlin-2025-19-20-350x129.jpg 350w\" sizes=\"(max-width: 1300px) 100vw, 1300px\" \/><\/p>\n<p><!--\nL'emplacement des parcelles permet d'int\u00e9grer des participants des environs dans le programme et d'entretenir des contacts de voisinage.\n<img decoding=\"async\" class=\"alignnone wp-image-69000 size-full\" src=\"https:\/\/www.benkadi.org\/wp-content\/uploads\/2023\/08\/benkadi-kultur-raum-afrika-berlin-10.jpg\" alt=\"\" width=\"1200\" height=\"900\" srcset=\"https:\/\/www.benkadi.org\/wp-content\/uploads\/2023\/08\/benkadi-kultur-raum-afrika-berlin-10.jpg 1200w, https:\/\/www.benkadi.org\/wp-content\/uploads\/2023\/08\/benkadi-kultur-raum-afrika-berlin-10-300x225.jpg 300w, https:\/\/www.benkadi.org\/wp-content\/uploads\/2023\/08\/benkadi-kultur-raum-afrika-berlin-10-1024x768.jpg 1024w, https:\/\/www.benkadi.org\/wp-content\/uploads\/2023\/08\/benkadi-kultur-raum-afrika-berlin-10-768x576.jpg 768w, https:\/\/www.benkadi.org\/wp-content\/uploads\/2023\/08\/benkadi-kultur-raum-afrika-berlin-10-350x263.jpg 350w\" sizes=\"(max-width: 1200px) 100vw, 1200px\" \/>Visite des surfaces acquises\n\n<img decoding=\"async\" class=\"alignnone wp-image-68997 size-full\" src=\"https:\/\/www.benkadi.org\/wp-content\/uploads\/2023\/08\/benkadi-kultur-raum-afrika-berlin-07und09.jpg\" alt=\"\" width=\"1300\" height=\"621\" srcset=\"https:\/\/www.benkadi.org\/wp-content\/uploads\/2023\/08\/benkadi-kultur-raum-afrika-berlin-07und09.jpg 1300w, https:\/\/www.benkadi.org\/wp-content\/uploads\/2023\/08\/benkadi-kultur-raum-afrika-berlin-07und09-300x143.jpg 300w, https:\/\/www.benkadi.org\/wp-content\/uploads\/2023\/08\/benkadi-kultur-raum-afrika-berlin-07und09-1024x489.jpg 1024w, https:\/\/www.benkadi.org\/wp-content\/uploads\/2023\/08\/benkadi-kultur-raum-afrika-berlin-07und09-768x367.jpg 768w, https:\/\/www.benkadi.org\/wp-content\/uploads\/2023\/08\/benkadi-kultur-raum-afrika-berlin-07und09-350x167.jpg 350w\" sizes=\"(max-width: 1300px) 100vw, 1300px\" \/>\u00e0 gauche: ch\u00e2teau d'eau, \u00e0 droite: les surfaces, encore non pr\u00e9par\u00e9es\n\n<img decoding=\"async\" class=\"alignnone wp-image-69002 size-full\" src=\"https:\/\/www.benkadi.org\/wp-content\/uploads\/2023\/08\/benkadi-kultur-raum-afrika-berlin-11-12und13.jpg\" alt=\"\" width=\"1300\" height=\"569\" srcset=\"https:\/\/www.benkadi.org\/wp-content\/uploads\/2023\/08\/benkadi-kultur-raum-afrika-berlin-11-12und13.jpg 1300w, https:\/\/www.benkadi.org\/wp-content\/uploads\/2023\/08\/benkadi-kultur-raum-afrika-berlin-11-12und13-300x131.jpg 300w, https:\/\/www.benkadi.org\/wp-content\/uploads\/2023\/08\/benkadi-kultur-raum-afrika-berlin-11-12und13-1024x448.jpg 1024w, https:\/\/www.benkadi.org\/wp-content\/uploads\/2023\/08\/benkadi-kultur-raum-afrika-berlin-11-12und13-768x336.jpg 768w, https:\/\/www.benkadi.org\/wp-content\/uploads\/2023\/08\/benkadi-kultur-raum-afrika-berlin-11-12und13-350x153.jpg 350w\" sizes=\"(max-width: 1300px) 100vw, 1300px\" \/>Bassin pour la pisciculture\n--><\/p>\n<p>Vous trouverez tous les projets pr\u00e9c\u00e9dents <a href=\"https:\/\/www.benkadi.org\/fr\/portfolio\/fdjm-forum-democratique-de-la-jeunesse-du-mali-archiv\">dans les ARCHIVES<\/a>.<\/p>\n<p><a href=\"https:\/\/www.benkadi.org\/wp-content\/uploads\/2017\/10\/benkadi-kultur-raum-afrika-berlin-14-nsbr.svg\"><img decoding=\"async\" class=\"alignnone wp-image-69005\" src=\"https:\/\/www.benkadi.org\/wp-content\/uploads\/2017\/10\/benkadi-kultur-raum-afrika-berlin-14-nsbr.svg\" alt=\"\" width=\"269\" height=\"136\" \/><\/a>[\/vc_column_text][vc_separator sep_color=\u00a0\u00bb,Default\u00a0\u00bb][\/vc_column][\/vc_row][vc_row][vc_column column_width_percent=\u00a0\u00bb55&Prime; gutter_size=\u00a0\u00bb3&Prime; overlay_alpha=\u00a0\u00bb50&Prime; shift_x=\u00a0\u00bb0&Prime; shift_y=\u00a0\u00bb0&Prime; shift_y_down=\u00a0\u00bb0&Prime; z_index=\u00a0\u00bb0&Prime; medium_width=\u00a0\u00bb0&Prime; mobile_width=\u00a0\u00bb0&Prime; width=\u00a0\u00bb1\/1&Prime;][vc_single_image media=\u00a0\u00bb66322&Prime; media_width_percent=\u00a0\u00bb100&Prime;][\/vc_column][\/vc_row][vc_row][vc_column column_width_percent=\u00a0\u00bb55&Prime; gutter_size=\u00a0\u00bb3&Prime; overlay_alpha=\u00a0\u00bb50&Prime; shift_x=\u00a0\u00bb0&Prime; shift_y=\u00a0\u00bb0&Prime; shift_y_down=\u00a0\u00bb0&Prime; z_index=\u00a0\u00bb0&Prime; medium_width=\u00a0\u00bb0&Prime; mobile_width=\u00a0\u00bb0&Prime; width=\u00a0\u00bb1\/1&Prime;][vc_single_image media=\u00a0\u00bb65582&Prime; media_width_percent=\u00a0\u00bb100&Prime;][\/vc_column][\/vc_row]<\/p>\n<\/div>","protected":false},"excerpt":{"rendered":"<p>Mali &#8211; Jeunesse vers l&#8217;emploi<br \/>\nUn projet pour la formation des jeunes au Mali<\/p>\n","protected":false},"author":3,"featured_media":68653,"parent":0,"menu_order":0,"comment_status":"closed","ping_status":"closed","template":"","meta":{"footnotes":""},"portfolio_category":[113,145],"class_list":["post-66829","portfolio","type-portfolio","status-publish","has-post-thumbnail","hentry","portfolio_category-formation-fr-2","portfolio_category-projets"],"_links":{"self":[{"href":"https:\/\/www.benkadi.org\/fr\/wp-json\/wp\/v2\/portfolio\/66829","targetHints":{"allow":["GET"]}}],"collection":[{"href":"https:\/\/www.benkadi.org\/fr\/wp-json\/wp\/v2\/portfolio"}],"about":[{"href":"https:\/\/www.benkadi.org\/fr\/wp-json\/wp\/v2\/types\/portfolio"}],"author":[{"embeddable":true,"href":"https:\/\/www.benkadi.org\/fr\/wp-json\/wp\/v2\/users\/3"}],"replies":[{"embeddable":true,"href":"https:\/\/www.benkadi.org\/fr\/wp-json\/wp\/v2\/comments?post=66829"}],"version-history":[{"count":6,"href":"https:\/\/www.benkadi.org\/fr\/wp-json\/wp\/v2\/portfolio\/66829\/revisions"}],"predecessor-version":[{"id":69493,"href":"https:\/\/www.benkadi.org\/fr\/wp-json\/wp\/v2\/portfolio\/66829\/revisions\/69493"}],"wp:featuredmedia":[{"embeddable":true,"href":"https:\/\/www.benkadi.org\/fr\/wp-json\/wp\/v2\/media\/68653"}],"wp:attachment":[{"href":"https:\/\/www.benkadi.org\/fr\/wp-json\/wp\/v2\/media?parent=66829"}],"wp:term":[{"taxonomy":"portfolio_category","embeddable":true,"href":"https:\/\/www.benkadi.org\/fr\/wp-json\/wp\/v2\/portfolio_category?post=66829"}],"curies":[{"name":"wp","href":"https:\/\/api.w.org\/{rel}","templated":true}]}}

FDJM &#8211; Forum Démocratique de la Jeunesse du Mali

<div class="wpb-content-wrapper"><p>[vc_row][vc_column][vc_empty_space empty_h= »1&Prime;][vc_column_text uncode_shortcode_id= »811143&Prime;]</p>
<p style="text-align: left; color: red;">NOUVEAUX COURS DE FORMATION<br />
FDJM &#8211; en 2025</p>
<p>[/vc_column_text][vc_column_text css= ».vc_custom_1739204068850{margin-top: 50px !important;} » uncode_shortcode_id= »204740&Prime;]<img decoding="async" class="alignnone size-full wp-image-65966" src="https://www.benkadi.org/wp-content/uploads/2017/10/MaliFDJM22.png" alt="" width="211" height="112" /></p>
<p>FDJM a été fondée en 2015 par de jeunes adultes à Bamako. Tous les membres apportent des compétences professionnelles en économie, droit et artisanat et ont de bonnes relations avec les entreprises locales et les personnes concernées.</p>
<p>Avec le soutien financier de la <strong>STIFTUNG NORD-SÜD-BRÜCKEN</strong>, BENKADI a lancé en 2017 son premier projet de formation de jeunes adultes à Bamako/Mali. Jusqu&rsquo;à présent, des offres d&rsquo;apprentissage ont été mises en place pour environ 200 participants en termes de trois mois dans les domaines suivants :</p>
<ul>
<li>Production de savon</li>
<li>Élevage de volailles</li>
<li>Jus de fruits et de légumes</li>
<li>Technique solaire</li>
<li>Agriculture</li>
</ul>
<p>Après avoir doublé le montant de l&rsquo;investissement de 25.000 € à 50.000 €, il est devenu possible en 2023 d&rsquo;acheter 4 h de terrain afin de proposer une formation dans le secteur agricole encore plus professionnelle et avec des surfaces propres. Le site se trouve à environ 70 km de Bamako, près du village de Mana, dans la commune d&rsquo;Ouelessebougou, région de Bougouni, sur la route nationale 7. Entre-temps, on y trouve un château d&rsquo;eau, une maison de gardien, un entrepôt, deux toilettes et deux bassins pour la formation en pisciculture.</p>
<p><img decoding="async" class="alignnone size-full wp-image-69478" src="https://www.benkadi.org/wp-content/uploads/2017/10/benkadi-kultur-raum-afrika-berlin-2025-17.jpg" alt="" width="640" height="480" srcset="https://www.benkadi.org/wp-content/uploads/2017/10/benkadi-kultur-raum-afrika-berlin-2025-17.jpg 640w, https://www.benkadi.org/wp-content/uploads/2017/10/benkadi-kultur-raum-afrika-berlin-2025-17-300x225.jpg 300w, https://www.benkadi.org/wp-content/uploads/2017/10/benkadi-kultur-raum-afrika-berlin-2025-17-350x263.jpg 350w" sizes="(max-width: 640px) 100vw, 640px" /></p>
<p><img decoding="async" class="alignnone size-full wp-image-69474" src="https://www.benkadi.org/wp-content/uploads/2017/10/benkadi-kultur-raum-afrika-berlin-2025-18-16.jpg" alt="" width="1151" height="640" srcset="https://www.benkadi.org/wp-content/uploads/2017/10/benkadi-kultur-raum-afrika-berlin-2025-18-16.jpg 1151w, https://www.benkadi.org/wp-content/uploads/2017/10/benkadi-kultur-raum-afrika-berlin-2025-18-16-300x167.jpg 300w, https://www.benkadi.org/wp-content/uploads/2017/10/benkadi-kultur-raum-afrika-berlin-2025-18-16-1024x569.jpg 1024w, https://www.benkadi.org/wp-content/uploads/2017/10/benkadi-kultur-raum-afrika-berlin-2025-18-16-768x427.jpg 768w, https://www.benkadi.org/wp-content/uploads/2017/10/benkadi-kultur-raum-afrika-berlin-2025-18-16-350x195.jpg 350w" sizes="(max-width: 1151px) 100vw, 1151px" /></p>
<p><img decoding="async" class="alignnone size-full wp-image-69480" src="https://www.benkadi.org/wp-content/uploads/2017/10/benkadi-kultur-raum-afrika-berlin-2025-15.jpg" alt="" width="640" height="480" srcset="https://www.benkadi.org/wp-content/uploads/2017/10/benkadi-kultur-raum-afrika-berlin-2025-15.jpg 640w, https://www.benkadi.org/wp-content/uploads/2017/10/benkadi-kultur-raum-afrika-berlin-2025-15-300x225.jpg 300w, https://www.benkadi.org/wp-content/uploads/2017/10/benkadi-kultur-raum-afrika-berlin-2025-15-350x263.jpg 350w" sizes="(max-width: 640px) 100vw, 640px" /></p>
<p><img decoding="async" class="alignnone size-full wp-image-69473" src="https://www.benkadi.org/wp-content/uploads/2017/10/benkadi-kultur-raum-afrika-berlin-2025-19-20.jpg" alt="" width="1300" height="480" srcset="https://www.benkadi.org/wp-content/uploads/2017/10/benkadi-kultur-raum-afrika-berlin-2025-19-20.jpg 1300w, https://www.benkadi.org/wp-content/uploads/2017/10/benkadi-kultur-raum-afrika-berlin-2025-19-20-300x111.jpg 300w, https://www.benkadi.org/wp-content/uploads/2017/10/benkadi-kultur-raum-afrika-berlin-2025-19-20-1024x378.jpg 1024w, https://www.benkadi.org/wp-content/uploads/2017/10/benkadi-kultur-raum-afrika-berlin-2025-19-20-768x284.jpg 768w, https://www.benkadi.org/wp-content/uploads/2017/10/benkadi-kultur-raum-afrika-berlin-2025-19-20-350x129.jpg 350w" sizes="(max-width: 1300px) 100vw, 1300px" /></p>
<p><!--
L'emplacement des parcelles permet d'intégrer des participants des environs dans le programme et d'entretenir des contacts de voisinage.
<img decoding="async" class="alignnone wp-image-69000 size-full" src="https://www.benkadi.org/wp-content/uploads/2023/08/benkadi-kultur-raum-afrika-berlin-10.jpg" alt="" width="1200" height="900" srcset="https://www.benkadi.org/wp-content/uploads/2023/08/benkadi-kultur-raum-afrika-berlin-10.jpg 1200w, https://www.benkadi.org/wp-content/uploads/2023/08/benkadi-kultur-raum-afrika-berlin-10-300x225.jpg 300w, https://www.benkadi.org/wp-content/uploads/2023/08/benkadi-kultur-raum-afrika-berlin-10-1024x768.jpg 1024w, https://www.benkadi.org/wp-content/uploads/2023/08/benkadi-kultur-raum-afrika-berlin-10-768x576.jpg 768w, https://www.benkadi.org/wp-content/uploads/2023/08/benkadi-kultur-raum-afrika-berlin-10-350x263.jpg 350w" sizes="(max-width: 1200px) 100vw, 1200px" />Visite des surfaces acquises

<img decoding="async" class="alignnone wp-image-68997 size-full" src="https://www.benkadi.org/wp-content/uploads/2023/08/benkadi-kultur-raum-afrika-berlin-07und09.jpg" alt="" width="1300" height="621" srcset="https://www.benkadi.org/wp-content/uploads/2023/08/benkadi-kultur-raum-afrika-berlin-07und09.jpg 1300w, https://www.benkadi.org/wp-content/uploads/2023/08/benkadi-kultur-raum-afrika-berlin-07und09-300x143.jpg 300w, https://www.benkadi.org/wp-content/uploads/2023/08/benkadi-kultur-raum-afrika-berlin-07und09-1024x489.jpg 1024w, https://www.benkadi.org/wp-content/uploads/2023/08/benkadi-kultur-raum-afrika-berlin-07und09-768x367.jpg 768w, https://www.benkadi.org/wp-content/uploads/2023/08/benkadi-kultur-raum-afrika-berlin-07und09-350x167.jpg 350w" sizes="(max-width: 1300px) 100vw, 1300px" />à gauche: château d'eau, à droite: les surfaces, encore non préparées

<img decoding="async" class="alignnone wp-image-69002 size-full" src="https://www.benkadi.org/wp-content/uploads/2023/08/benkadi-kultur-raum-afrika-berlin-11-12und13.jpg" alt="" width="1300" height="569" srcset="https://www.benkadi.org/wp-content/uploads/2023/08/benkadi-kultur-raum-afrika-berlin-11-12und13.jpg 1300w, https://www.benkadi.org/wp-content/uploads/2023/08/benkadi-kultur-raum-afrika-berlin-11-12und13-300x131.jpg 300w, https://www.benkadi.org/wp-content/uploads/2023/08/benkadi-kultur-raum-afrika-berlin-11-12und13-1024x448.jpg 1024w, https://www.benkadi.org/wp-content/uploads/2023/08/benkadi-kultur-raum-afrika-berlin-11-12und13-768x336.jpg 768w, https://www.benkadi.org/wp-content/uploads/2023/08/benkadi-kultur-raum-afrika-berlin-11-12und13-350x153.jpg 350w" sizes="(max-width: 1300px) 100vw, 1300px" />Bassin pour la pisciculture
--></p>
<p>Vous trouverez tous les projets précédents <a href="https://www.benkadi.org/fr/portfolio/fdjm-forum-democratique-de-la-jeunesse-du-mali-archiv">dans les ARCHIVES</a>.</p>
<p><a href="https://www.benkadi.org/wp-content/uploads/2017/10/benkadi-kultur-raum-afrika-berlin-14-nsbr.svg"><img decoding="async" class="alignnone wp-image-69005" src="https://www.benkadi.org/wp-content/uploads/2017/10/benkadi-kultur-raum-afrika-berlin-14-nsbr.svg" alt="" width="269" height="136" /></a>[/vc_column_text][vc_separator sep_color= »,Default »][/vc_column][/vc_row][vc_row][vc_column column_width_percent= »55&Prime; gutter_size= »3&Prime; overlay_alpha= »50&Prime; shift_x= »0&Prime; shift_y= »0&Prime; shift_y_down= »0&Prime; z_index= »0&Prime; medium_width= »0&Prime; mobile_width= »0&Prime; width= »1/1&Prime;][vc_single_image media= »66322&Prime; media_width_percent= »100&Prime;][/vc_column][/vc_row][vc_row][vc_column column_width_percent= »55&Prime; gutter_size= »3&Prime; overlay_alpha= »50&Prime; shift_x= »0&Prime; shift_y= »0&Prime; shift_y_down= »0&Prime; z_index= »0&Prime; medium_width= »0&Prime; mobile_width= »0&Prime; width= »1/1&Prime;][vc_single_image media= »65582&Prime; media_width_percent= »100&Prime;][/vc_column][/vc_row]</p>
</div>
