{"id":66771,"date":"2017-10-12T18:12:50","date_gmt":"2017-10-12T18:12:50","guid":{"rendered":"https:\/\/www.benkadi.org\/mentions-legales"},"modified":"2023-08-18T15:50:45","modified_gmt":"2023-08-18T15:50:45","slug":"avis-de-site","status":"publish","type":"page","link":"https:\/\/www.benkadi.org\/fr\/avis-de-site","title":{"rendered":"Avis de site"},"content":{"rendered":"<div class=\"wpb-content-wrapper\"><p>[vc_row][vc_column][vc_empty_space empty_h=\u00a0\u00bb4&Prime;][vc_column_text uncode_shortcode_id=\u00a0\u00bb135645&Prime;]<\/p>\n<h1>Avis de site<\/h1>\n<p>Association registr\u00e9e au tribunal cantonal allemand Charlottenburg\/Berlin.<br \/>\nEn raison de la promotion de la culture et du rapprochement des peuples nous sommes reconnus d&rsquo;utilit\u00e9 publique.<\/p>\n<h2>Informations conform\u00e9ment \u00e0 l&rsquo;article 5 de la loi allemande sur les t\u00e9l\u00e9m\u00e9dias (TMG)<\/h2>\n<p>BENKADI e.V.<br \/>\nMuskauer Str. 50<br \/>\n10997 Berlin<br \/>\nAllemagne<\/p>\n<p><strong>Repr\u00e9sent\u00e9 par :<\/strong><br \/>\nPr\u00e9sidente: Dr. Edda Brandes, verantwortl. im Sinne der Presse<\/p>\n<p>Vice-Pr\u00e9sident: Souleymane Ciss\u00e9<\/p>\n<p>Finances: Ulrich Kraatz<\/p>\n<p>Vous trouverez \u00e9galement ici notre <a href=\"https:\/\/www.benkadi.org\/wp-content\/uploads\/2017\/02\/Betrittserklaerung.pdf\" target=\"_blank\" rel=\"noopener\">d\u00e9claration d&rsquo;adh\u00e9sion<\/a> au format pdf. Veuillez la t\u00e9l\u00e9charger, l&rsquo;imprimer et l&rsquo;envoyer \u00e0 l&rsquo;adresse de l&rsquo;association.<\/p>\n<h2>Contact<\/h2>\n<p>T\u00e9l\u00e9phone: 0049-(0)30-6183219<br \/>\nCourriel: Kultur-Raum-Afrika@Benkadi.org<\/p>\n<h2>Responsable \u00e9ditorial<\/h2>\n<p>Dr. Edda Brandes<br \/>\n[\/vc_column_text][vc_empty_space][\/vc_column][\/vc_row]<\/p>\n<\/div>","protected":false},"excerpt":{"rendered":"<p>[vc_row][vc_column][vc_empty_space empty_h=\u00a0\u00bb4&Prime;][vc_column_text uncode_shortcode_id=\u00a0\u00bb135645&Prime;] Avis de site Association registr\u00e9e au tribunal cantonal allemand Charlottenburg\/Berlin. En raison de la promotion de la [&hellip;]<\/p>\n","protected":false},"author":3,"featured_media":0,"parent":0,"menu_order":0,"comment_status":"closed","ping_status":"closed","template":"","meta":{"footnotes":""},"class_list":["post-66771","page","type-page","status-publish","hentry"],"_links":{"self":[{"href":"https:\/\/www.benkadi.org\/fr\/wp-json\/wp\/v2\/pages\/66771","targetHints":{"allow":["GET"]}}],"collection":[{"href":"https:\/\/www.benkadi.org\/fr\/wp-json\/wp\/v2\/pages"}],"about":[{"href":"https:\/\/www.benkadi.org\/fr\/wp-json\/wp\/v2\/types\/page"}],"author":[{"embeddable":true,"href":"https:\/\/www.benkadi.org\/fr\/wp-json\/wp\/v2\/users\/3"}],"replies":[{"embeddable":true,"href":"https:\/\/www.benkadi.org\/fr\/wp-json\/wp\/v2\/comments?post=66771"}],"version-history":[{"count":0,"href":"https:\/\/www.benkadi.org\/fr\/wp-json\/wp\/v2\/pages\/66771\/revisions"}],"wp:attachment":[{"href":"https:\/\/www.benkadi.org\/fr\/wp-json\/wp\/v2\/media?parent=66771"}],"curies":[{"name":"wp","href":"https:\/\/api.w.org\/{rel}","templated":true}]}}

<div class="wpb-content-wrapper"><p>[vc_row][vc_column][vc_empty_space empty_h= »4&Prime;][vc_column_text uncode_shortcode_id= »135645&Prime;]</p>
<h1>Avis de site</h1>
<p>Association registrée au tribunal cantonal allemand Charlottenburg/Berlin.<br />
En raison de la promotion de la culture et du rapprochement des peuples nous sommes reconnus d&rsquo;utilité publique.</p>
<h2>Informations conformément à l&rsquo;article 5 de la loi allemande sur les télémédias (TMG)</h2>
<p>BENKADI e.V.<br />
Muskauer Str. 50<br />
10997 Berlin<br />
Allemagne</p>
<p><strong>Représenté par :</strong><br />
Présidente: Dr. Edda Brandes, verantwortl. im Sinne der Presse</p>
<p>Vice-Président: Souleymane Cissé</p>
<p>Finances: Ulrich Kraatz</p>
<p>Vous trouverez également ici notre <a href="https://www.benkadi.org/wp-content/uploads/2017/02/Betrittserklaerung.pdf" target="_blank" rel="noopener">déclaration d&rsquo;adhésion</a> au format pdf. Veuillez la télécharger, l&rsquo;imprimer et l&rsquo;envoyer à l&rsquo;adresse de l&rsquo;association.</p>
<h2>Contact</h2>
<p>Téléphone: 0049-(0)30-6183219<br />
Courriel: Kultur-Raum-Afrika@Benkadi.org</p>
<h2>Responsable éditorial</h2>
<p>Dr. Edda Brandes<br />
[/vc_column_text][vc_empty_space][/vc_column][/vc_row]</p>
</div>

<p>[vc_row][vc_column][vc_empty_space empty_h= »4&Prime;][vc_column_text uncode_shortcode_id= »135645&Prime;] Avis de site Association registrée au tribunal cantonal allemand Charlottenburg/Berlin. En raison de la promotion de la [&hellip;]</p>
